a = -2*a + 4. Let q = a - 0. Let h(d) = d**2 + 2*d - 1. Give h(q).
-1
Let l(r) = -59 + 60 - 4*r + r. Suppose 0 = -5*i + 9 + 11. Calculate l(i).
-11
Let l(j) = -2*j**2 + 1. Let y(d) = -18*d**2 + 2*d + 4. Let m(x) = -5*l(x) + y(x). Determine m(1).
-7
Suppose 0 = f + 1, 0 = 2*n - 2*f + 3*f + 17. Let k(y) = y**2 + 7*y + 7. Determine k(n).
15
Let w = 172 - 163. Let z(r) = -r**2 + 10*r + 2. What is z(w)?
11
Let d(l) = -424 - 4*l + 829 + l**2 - 412. Suppose -y - y + 10 = -3*c, 3*c - 25 = -5*y. Let h(s) = s**2 - 4*s + 1. Let k be h(y). What is d(k)?
5
Suppose -w - 9*s + 12 = -4*s, -14 = -4*w - 3*s. Let q(r) = -13*r + r**2 + 2*r**w + 8*r + r**3 + 4*r - 2. Give q(-2).
4
Let r = 2 - 5. Suppose k + 3 - 5 = 0. Let v(s) = -s**k - 2404 - 4*s + 2404. Calculate v(r).
3
Let n = 784 - 779. Let r(l) = -l**3 + 7*l**2 - 2*l - 3. Calculate r(n).
37
Let o(g) = 2*g**2 - 3*g**2 - 4 + 4*g + 2*g**2 + 0*g + 6. What is o(-6)?
14
Suppose -11 + 14 = -h. Let a be 7 - 2/(h + 4). Let s(g) be the third derivative of -g**6/120 + g**5/20 + g**4/3 - g**3 - 2*g**2. Give s(a).
-16
Let u(o) be the third derivative of -o**6/120 + o**5/12 - o**4/8 - 11*o**3/6 - 3*o**2 + 2. Calculate u(4).
-7
Let i(o) = 20*o - 7. Let c(r) = -1. Let v(u) = 5*c(u) - i(u). Give v(3).
-58
Let v(x) = -2 + 8 - 2*x**2 + 3*x**2. Suppose -r = -5*k + 4*k + 2, -4*r - 8 = -5*k. Let h be r + -2 + 12/3. Determine v(h).
6
Suppose -5*f - 24 = -3*a, 3*f + 3*a = 6*a - 12. Let v(p) = -7*p**2 - 26*p + 20*p - 7 + 1 - p**3. Determine v(f).
-6
Let r be 6*6/2*(-6)/54. Let a be ((-20)/(-30))/(r/3*1). Let j(n) = 7*n**3 - 2*n - 1. Give j(a).
-6
Let n(x) = -x**2 - 3*x - 3. Let t be (-24)/4*6/(-12). Determine n(t).
-21
Let d be (-3)/(-1 + -1 - -3). Let b(r) be the first derivative of -r**2 - 2*r + 2. Calculate b(d).
4
Suppose 4*j = 2*j + 2*a + 46, 4*j = -3*a + 85. Let v(x) = -8*x + 3. Let s be v(3). Let o = j + s. Let n(l) = 5*l**3 - l**2 + 2*l - 1. Give n(o).
5
Let s(h) be the first derivative of -5*h**2/2 + 3*h - 18. Let c(i) = 1. Let t(a) = -2*c(a) + s(a). Calculate t(4).
-19
Let m(u) = u**3 - 6*u**2 + 7*u + 10. Let o be m(4). Let g(c) = -4*c**2 - 3. Let v(z) = 3*z**2 + z + 3. Let j(b) = -4*g(b) - 5*v(b). Give j(o).
3
Let p(f) be the third derivative of f**6/120 - f**5/60 + f**4/24 - 2*f**3 + 100*f**2. Calculate p(0).
-12
Suppose -4*c + 2*b = -12, 4*c - 12 = -7*b + 5*b. Let u(w) = -w**3 + 3*w**2 - 6. What is u(c)?
-6
Let f(v) be the first derivative of -v**2/2 + 13*v + 5. Let a be f(11). Let u(t) = 3*t**2 + 0 - 5 + t - 4 - a*t**2. Determine u(0).
-9
Suppose -3*x + 15 = -0. Suppose -w + 13 = 3*n - 5*w, 3*n = -4*w + x. Let i(z) = -2 - 4 + 2*z + 4 - n*z. What is i(-2)?
0
Let s be 8*((-119)/28 + 5). Let l(u) = -u + 5. Determine l(s).
-1
Let o = -79 - -71. Let t be (o/(-10))/(3/15). Let q(y) = 2*y**2 - 4. What is q(t)?
28
Let p(a) be the second derivative of a**4/12 - a**3/2 - 3*a**2/2 + 7*a - 8. Calculate p(-2).
7
Let i = 443 - 441. Let g = 3 + -1. Let l(h) = -7*h**2 + 2*h**g - 4 + i + h**3. What is l(5)?
-2
Let p(b) = b**3 + 7*b**2 + 8*b + 11. Let c be ((-3328)/(-65))/(-8) - 2/(-5). Calculate p(c).
-1
Let s(j) = j**3 + j**2 + 3*j + 1. Let t(n) = n**3 + 6*n**2 + 12*n + 5. Let x(q) = -4*s(q) + t(q). Determine x(2).
-15
Let g(u) = -u**2 - 6*u - 2. Suppose -7*i - 13 - 15 = 0. Let n be 26/i + 3/6. Calculate g(n).
-2
Let r(l) be the second derivative of l**4/12 - l**3/3 + l**2 + 8*l - 8. What is r(4)?
10
Let k = 153 + -150. Let x(r) be the second derivative of k*r**2 + 0 + 1/6*r**3 + 6*r. What is x(-7)?
-1
Suppose v = -160 + 157. Let z(c) = c**3 + 3. What is z(v)?
-24
Let m(x) = -2*x - 7. Suppose -5*u = s + 41, 0 = -3*s - u - 22 - 59. Let w = s + 32. Let o be (2 + -1)*(-36)/w. Give m(o).
5
Let j be 4/14 - (-38)/14. Suppose -2*o = 3*a - 6*o - 101, 2*a + 3*o - 56 = 0. Let b(h) = a + 33 - 6*h + h**2 + h - 61. Give b(j).
-3
Let t(d) = 21*d + 8. Let y(u) = 41*u + 16. Let x(w) = 5*t(w) - 2*y(w). Let h(m) = 8*m + 3. Let o(p) = 11*h(p) - 4*x(p). Determine o(1).
-3
Let q(z) = z**3 + 6*z**2 + 7*z + 2. Suppose -10*l - 30 = -15*l. Suppose 2*o = l, -2*o - o = -u - 14. Determine q(u).
-8
Let z(c) = -2*c + 6. Let t be 3 - (10/5 + -2). Let r be (-136)/(-14) - (-4)/14. Suppose -2*d = r, t*f - 5*f - 3*d - 3 = 0. Determine z(f).
-6
Let q(h) = 2*h - 1. Let o(u) = -u. Let d(y) = 3*o(y) + q(y). Let s(m) = -m - 5. Let r(b) = 6*d(b) - s(b). What is r(2)?
-11
Let x = 309 + -313. Let s(f) = 7*f - 5. Give s(x).
-33
Let q(j) = j**2 + 10*j + 5. Let a(b) = 62*b + 489. Let x be a(-8). Give q(x).
-16
Let y(x) = 3*x + 37. Let k = -1092 - -1081. What is y(k)?
4
Let a(s) = -s**3 - 4*s**2 - 3*s - 4. Let m be (-33)/(-12) + 1/4. Let k be (-1)/(1 + (-2)/m). Determine a(k).
-4
Let k be -3 - (-1 + 3/9*-3). Let l = 2 - 0. Let z(d) = 2*d + 2*d**2 + d + 1 - l*d + d + 7*d**3. Give z(k).
-6
Let k(c) = c + 4. Let l(a) = 2*a + 7. Let q(j) = -7*k(j) + 4*l(j). Let h(v) = v**3 + 8*v**2 + 5*v - 10. Let i be -2*(4/8 + 6/2). Let o be h(i). Determine q(o).
4
Let g(c) be the second derivative of -c**4/6 + 2*c**3/3 - 5*c**2 + 3*c + 18. What is g(6)?
-58
Let l(f) be the third derivative of -f**6/120 + f**5/15 - 5*f**4/24 + 13*f**3/3 + 409*f**2. Give l(4).
6
Let p(k) = k**2 + 2*k - 1. Let z be p(1). Suppose z*s - 2 = 4*s. Let j(m) = 2 + 3 + 3 - 18*m - 7 + 7*m. Give j(s).
12
Let l(c) = -c**2 + 1. Let v(u) = u. Let i(j) = 5*j. Let z(s) = 2*i(s) - 9*v(s). Let r(y) = -l(y) + 6*z(y). What is r(-6)?
-1
Let g(s) = -6*s**3. Let o(j) = 9*j**3. Let k(i) = -8*g(i) - 5*o(i). Let m be (-1)/(5*((-42)/35)/6). Give k(m).
3
Suppose 3*u + 35 = 4*u. Let y = u + -33. Let h(g) = -9*g + 2 - 2*g**y + 6*g + g**2 + 2*g. Calculate h(2).
-4
Let q(l) = -9*l**2 + 1. Let g(u) = -2*u**2 + u + 1. Let d(i) = -4*g(i) + q(i). What is d(-1)?
0
Let p(y) = -10*y**2 + 2. Let z be ((-44)/(-198))/(6/27). Determine p(z).
-8
Let g(h) = h**3 - 10*h**2 - 12*h + 16. Let w be g(11). Suppose -3*l = -17 + w. Let s(j) = j**3 + l*j - 4*j + 2*j**2 - 4 - 3*j. Give s(-3).
-4
Let d = -27 + 30. Suppose 4*g = d*g - 8. Let x(p) = -2*p**2 - 4*p**2 + 6*p**2 + p**2 + 7*p - 8. Calculate x(g).
0
Let v(n) be the second derivative of n**4/12 - 5*n**3/6 + n**2/2 + 271*n. Give v(10).
51
Let s = -2 - 0. Let c be -2 - 0 - (s + 5). Let j(m) = -m + 4. What is j(c)?
9
Let y(m) = -m**3 + 6*m**2 - 4*m + 20. Let q be y(6). Let b(h) be the first derivative of -2*h**2 + 1 + 7*h - 8*h + 3. Give b(q).
15
Let s(d) be the first derivative of d**3/3 - 7*d**2/2 + 5*d - 89. Calculate s(5).
-5
Let l be ((-13)/4)/(5/(-20)). Let k = 8 - l. Let a(q) = -q**3 - 5*q**2 + 2*q - 2. Calculate a(k).
-12
Let n(u) = 2*u - 8. Let o = -61 + 41. Let g be 3 + o/(-5) - 1. Calculate n(g).
4
Let f = 170 - 176. Let j(o) = o**3 + 4*o**2 - 9*o - 3. Give j(f).
-21
Let j be (-79)/(-4) + 84/(-112). Let r be j/57 + (-4)/(-6). Let u(s) = -3*s**2. Give u(r).
-3
Suppose v - 2*v - 1 = 0. Let n be 2 + (-4 - -3 - v). Let o(m) = 3 - m - 6*m + 0 + n*m. Determine o(3).
-12
Let g(m) = -3*m**2 - m**2 - m**3 + 1771*m - 1766*m + 3. Suppose -3*a = 2*a + 25. Determine g(a).
3
Suppose d = -8*m + 4*m + 5, 0 = 3*m - 3. Let s(h) = 2*h**3 + 7*h - 7. Calculate s(d).
2
Let m(l) = -2*l - 2. Suppose 3*y = -9*y + 156. Let p(x) = x + 1. Let o(h) = y*p(h) + 6*m(h). Calculate o(8).
9
Suppose -6*w + 12 = -w + 4*o, w = -o + 2. Let x(a) = -2*a**3 + a**3 + w + 4*a + 2*a**2 + 0*a**3. Let b(p) = -30*p + 604. Let j be b(20). What is x(j)?
-12
Let i(q) = -6*q - 7 + 3 - 9*q - 10*q + 23*q. Let x(t) = t**2 + 5*t + 1. Let y be x(-4). What is i(y)?
2
Let b be ((-6)/4)/((-6)/4). Let o be 30/20*(49 + b). Let h be (2/3)/((-10)/o). Let c(s) = -s + 5. Calculate c(h).
10
Suppose -3 + 15 = 4*b - g, 4*b - 5*g - 28 = 0. Let x(i) = 4*i**2 - i**b + 0*i + 2*i. Suppose 15 = 3*o, -7 = 3*s + o - 6. Give x(s).
8
Let t(g) be the third derivative of g**6/120 + 2*g**5/15 - g**4/24 - 7*g**3/6 + 54*g**2. What is t(-8)?
1
Let a(h) = 8*h - 1. Let b be (-2)/4 - (-12)/8. Suppose 0 - b = -i. Determine a(i).
7
Suppose 0 = 3*r + 6*b + 42, -13*b + 8*b = -3*r + 24. Let l(y) = 2*y - 3. Let o(m) = m - 3. Let t(j) = 6*l(j) - 7*o(j). Calculate t(r).
-7
Let q(v) be the third derivative of -17*v**4/8 - v**3/6 - 46*v**2. Calculate q(1).
-52
Let f = 25 - 22. Suppose f*a - 3*s - 4 = 23, 2*s = 5*a - 30. Let c(h) be the first derivative of h**2/2 - 5*h + 2. Determine c(a).
-1
Let 